c - 1. Let t be p(-4). Calculate the remainder when (2 - 0 - t)*-14 is divided by 5.
4
Let f = -24 - -72. What is the remainder when f is divided by (-1)/3 + (-152)/(-6)?
23
Let i be 8/10*(-10)/(-4). Let w(t) = 9*t - 3. Suppose -19 = 4*q - 135. Calculate the remainder when q is divided by w(i).
14
Let p be (-28)/(-2)*2/4. Suppose 0 = -4*h + c - 10, h + c + 3*c - 6 = 0. Let x = p + h. What is the remainder when x is divided by 2?
1
Let j = 27 + -13. What is the remainder when 51 is divided by j?
9
Suppose -10 = -4*q - f + 54, f = 3*q - 55. Calculate the remainder when 50 is divided by q.
16
Suppose 4*x = 2*x, 0 = 5*b + 2*x - 120. Let f(t) = t**2 - 3. Let p(m) = -m + 1. Let l be p(5). What is the remainder when b is divided by f(l)?
11
Let m(w) = -w + 41. What is the remainder when 90 is divided by m(18)?
21
Let w = 300 - 47. Calculate the remainder when w is divided by 16.
13
Let h(x) = -52*x**2 - 2*x - 1. Let d be h(-1). Let k be 2*d*1/2. Let f = k + 72. Calculate the remainder when f is divided by 8.
5
Suppose -10*r + r + 180 = 0. What is the remainder when 34 is divided by r?
14
Let s(y) = 4*y + 13. What is the remainder when 37 is divided by s(3)?
12
What is the remainder when (17/4)/(4/80) is divided by 29?
27
Suppose -n - 3*n = -12. Let s = 7 - n. Calculate the remainder when 14 is divided by s.
2
Let u = 136 + -106. What is the remainder when u is divided by 18?
12
Let f(l) be the first derivative of 2*l**2 - 3*l + 2. Let i be f(2). Let q(w) = w**2 + 2. Calculate the remainder when q(i) is divided by 14.
13
Let g(j) = j**2 + 9*j. Let h be g(-7). Let i = h + -5. Let o = i - -27. Calculate the remainder when 22 is divided by o.
6
Suppose 5*g = 8*g - 135. What is the remainder when g is divided by (2 - 1) + 13 + -2?
9
What is the remainder when (-2)/(-6) - 668/(-12) is divided by 15?
11
Let f be (0 - (-1 - -1))/(-2). Suppose f = -u + 2*k + 7 - 3, -3*u + 67 = 5*k. What is the remainder when u is divided by 5?
4
Suppose 51*t = 37*t + 966. Calculate the remainder when t is divided by 14.
13
Suppose 2*h = n - 17, 2*n - 6*n = 4*h - 20. What is the remainder when 60 is divided by n?
6
Suppose 11 = 9*v - 133. Calculate the remainder when v is divided by 5.
1
Suppose 3*q + 4 = -4*z - 0*z, -q = 4*z - 4. Let d = z - -9. Calculate the remainder when 20 is divided by d.
9
Let c(t) = -3*t**2 + 28*t + 13. Suppose -5*o + 242 = 4*a + 15, 277 = 4*a - 5*o. What is the remainder when a is divided by c(9)?
19
Suppose 3*m - 2*x = -0*x, 3*x = -m + 11. Suppose m*t + 47 = 17. Let n = t + 27. What is the remainder when 22 is divided by n?
10
Suppose 0 = -3*w - w - 12, -3*w = 4*c - 83. Let z = -3 + -3. What is the remainder when c is divided by 2/3 - 68/z?
11
Let s = -12 - -11. Suppose m = t - 5*t + 9, 5*t + 5 = 2*m. What is the remainder when t is divided by -2 - (1/s + -2)?
0
Suppose 0 = -l - 6 + 13. Suppose -k = -20 + l. Let z = 99 - 62. What is the remainder when z is divided by k?
11
Let h be 4/(-12) - 13/(-3). Let b be 1/h - 9/(-12). Calculate the remainder when 14 is divided by 4/2 + b + 2.
4
Suppose -3*i + 57 = -69. Let f = -8 - -23. Calculate the remainder when i is divided by f.
12
Let d = 99 + -58. Let y = -15 - -37. Calculate the remainder when d is divided by y.
19
Suppose -5*z + 4*p + 289 = 0, 6*z = 5*z + 2*p + 59. Calculate the remainder when 110 is divided by z.
53
Suppose 2 = 2*l - l. Let u = l - 0. Suppose z + u*z - 51 = 0. What is the remainder when z is divided by 6?
5
Let f = 18 + -13. Suppose -5*a + f*g + 17 = -53, 2*g = -5*a + 91. What is the remainder when a is divided by 10?
7
Let g be 2/4*8 + 1. Suppose -3*i + 1 + 0 = -2*d, -25 = 5*d. Calculate the remainder when i/g*(-5 - 0) is divided by 1.
0
Suppose -4*f = -6 - 18. Let k(w) = w**2 - 4*w - 8. What is the remainder when k(f) is divided by ((-28)/(-8) - 3) + (-3)/(-2)?
0
Let v = 21 + -18. Suppose -v*u = 9, -7*c - u + 45 = -3*c. Calculate the remainder when 23 is divided by c.
11
Let z(t) = t**3 + t**2 - t - 1. Let n be z(-2). Calculate the remainder when 51/5 + n/15 is divided by 4.
2
Suppose 2*n + 40 = 6*n. Calculate the remainder when n is divided by 7.
3
Let r(a) = -5*a - 1. Let p be r(-1). Suppose h - p*h + 9 = 0. Suppose -h*d + 79 = 5*z, -4*z + 2*z = 2*d - 30. What is the remainder when 32 is divided by z?
15
Calculate the remainder when 47 is divided by 12 + 1 + 1 - 2.
11
Let r = -11 + 16. Let x(l) = 4*l**2 - l + 4. Let c be x(r). Suppose 0 = 5*s + 25, -2*w = -6*w + 3*s + c. Calculate the remainder when w is divided by 11.
10
Let j(w) = -w**3 + 7*w**2 + w - 5. Let i be j(7). Suppose -v + i*v = 19. What is the remainder when 74 is divided by v?
17
Let h = 25 - 17. Let o = h - 4. What is the remainder when 9 + 2/(2/(-2)) is divided by o?
3
Let z(v) = v**3 + 3*v**2 - v - 1. Let p be z(-3). Suppose -p*q - q = -24. Calculate the remainder when 23 is divided by q.
7
Calculate the remainder when 120 is divided by 522/16 - 9/(-24).
21
Suppose 3*o - 5*o - x + 41 = 0, 0 = 2*o - 2*x - 38. What is the remainder when o is divided by 15?
5
Suppose 268 - 68 = 5*t. What is the remainder when t is divided by 14?
12
Suppose 6*g - 127 = 257. What is the remainder when g is divided by 34?
30
Let n be 8*(0 - (-3)/(-3)). Let d = -14 + 27. Let c = d - n. What is the remainder when 40 is divided by c?
19
Suppose 0 = w, 4*s - 17 = -4*w - 5. Suppose 18 = z + z. What is the remainder when z is divided by s?
0
Suppose -8 = f + 2*h - 5, 0 = -2*h - 2. What is the remainder when f + 7 + (0 - -1) is divided by 3?
1
Suppose -11*t + 4*t + 112 = 0. What is the remainder when 44 is divided by t?
12
Let v(x) = -x**2 + 24*x + 48. Calculate the remainder when v(24) is divided by 16.
0
Let g = -15 - -21. Suppose s - g = -q, -4 = -2*s - q + 4. Suppose s = y - 9. Calculate the remainder when 41 is divided by y.
8
Suppose 0 = -4*r - r - 25. Let c = -3 - r. Suppose t + 3*t + 5*w = 2, 2*w = c*t - 10. Calculate the remainder when 7 is divided by t.
1
Let b(n) = -n**3 + 4*n**2 + n - 2. Let k be b(4). Suppose 4*i - k = 86. What is the remainder when i is divided by 12?
10
Let i = 9 - 5. Suppose i = -2*a + 4*a. What is the remainder when 4 is divided by a?
0
Let u(c) = -5*c**2 + 0*c**2 + 4 + 3*c - 1. Let a(w) = -14*w**2 + 8*w + 8. Let d(l) = -4*a(l) + 11*u(l). What is the remainder when d(4) is divided by 11?
10
Let w = -19 + 30. Let o(x) = -9*x + 42. Let g(d) = 6*d - 28. Let m(k) = 8*g(k) + 5*o(k). Calculate the remainder when m(w) is divided by 7.
5
Let v(z) = -z + 10. Calculate the remainder when v(6) is divided by 3.
1
Suppose -10*n + 699 + 41 = 0. What is the remainder when n is divided by 39?
35
Let c be -16 - ((-1 - 1) + 1). Let p be (-2)/5 - 6/c. Suppose 0 = 5*u + 3*i - 57, -2*i + 0 - 2 = p. Calculate the remainder when 34 is divided by u.
10
Suppose -5*a + 24 + 6 = 0. Let f = 74 + -53. Calculate the remainder when f is divided by a.
3
Let q(t) = 3*t**2 + 3*t - 1. Let y(f) = f**3 + 4*f**2 - 3*f + 7. Let z be y(-5). What is the remainder when q(z) is divided by 6?
5
Let t(s) = -s - 7. What is the remainder when 8 is divided by t(-9)?
0
Let p = 24 - 27. What is the remainder when 104 + 0 + p - -1 is divided by 26?
24
Let z = 23 - 15. What is the remainder when (-2 - (-18)/10) + 5488/140 is divided by z?
7
Let c = -42 - -61. Calculate the remainder when 177/5 + 6/(-15) is divided by c.
16
Suppose 4*p - 210 = -p. Calculate the remainder when p is divided by 22.
20
Let i = 133 - 82. Calculate the remainder when 202 is divided by i.
49
Suppose -o = 4*j + o - 40, -3*j - o = -29. Suppose 2*i + i = j. Suppose -2*p = i*s - 33, -31 - 23 = -3*s + 5*p. What is the remainder when 37 is divided by s?
11
Suppose -s - 10 = -5*z, -z + 3 = 4*s + 1. Calculate the remainder when 4 is divided by z.
0
What is the remainder when 122 is divided by (-945)/(-30) + (1/1)/(-2)?
29
Let j be (1 - (4 - 2))*-3. Let d(v) = v**2 - 4. Suppose 5*o = -4*a + 57, -5*o + 2*a + 39 = -0*a. What is the remainder when o is divided by d(j)?
4
Suppose 14*c - 1018 = -178. What is the remainder when c is divided by 13?
8
Let m = -2 - -2. Let p(j) = -j**3 + j + 41. Suppose 6*g - 3*u = 4*g + 48, -2*g - 4*u + 34 = 0. What is the remainder when p(m) is divided by g?
20
Let q be 94/(-18) + (-6)/(-27). Let y(j) = -2*j + 6. What is the remainder when y(q) is divided by 6?
4
